{"id":14,"date":"2021-01-10T08:17:51","date_gmt":"2021-01-10T08:17:51","guid":{"rendered":"http:\/\/gesundheit-und-garten.naturheilpraxis-hellerau.de\/?page_id=14"},"modified":"2021-01-10T08:17:51","modified_gmt":"2021-01-10T08:17:51","slug":"impressum","status":"publish","type":"page","link":"http:\/\/gesundheit-und-garten.naturheilpraxis-hellerau.de\/?page_id=14","title":{"rendered":"Impressum"},"content":{"rendered":"\n<h6 class=\"wp-block-heading\">Betreiber der Internetpr\u00e4senz und verantwortlich f\u00fcr den Inhalt<\/h6>\n\n\n\n<p>Tanja Prohl &#8211; Heilpraktikerin<\/p>\n\n\n\n<p>Naturheilpraxis in Hellerau<\/p>\n\n\n\n<p>Hoher Weg 801109 Dresden<\/p>\n\n\n\n<p>Telefon: 0351-32151846 Telefax: 0351-32151847<\/p>\n\n\n\n<p>Email: <a href=\"mailto:tanja.prohl@naturheilpraxis-hellerau.de\" data-type=\"mailto\" data-id=\"mailto:tanja.prohl@naturheilpraxis-hellerau.de\">tanja.prohl@naturheilpraxis-hellerau.de<\/a><\/p>\n\n\n\n<h5 class=\"wp-block-heading\">Berufsbezeichnung<\/h5>\n\n\n\n<p>Gesetzliche Berufsbezeichnung: Heilpraktiker (verliehen in der Bundesrepublik Deutschland)<\/p>\n\n\n\n<h6 class=\"wp-block-heading\">Zust\u00e4ndige Aufsichtsbeh\u00f6rde:<\/h6>\n\n\n\n<p>Landeshauptstadt Dresden, Gesundheitsamt Hertzstr. 23, 01257 Dresden<\/p>\n\n\n\n<h6 class=\"wp-block-heading\">Berufsrechtliche Regelungen:<\/h6>\n\n\n\n<p>Gesetz \u00fcber die berufsm\u00e4\u00dfige Aus\u00fcbung der Heilkunde ohne \u00e4rztliche Bestallung Heilpraktikergesetz) und Durchf\u00fchrungsverordnung: Nachzulesen im Internet unter <a href=\"http:\/\/www.gesetze-im-internet.de\/heilprg\/index.html\">http:\/\/www.gesetze-im-internet.de\/heilprg\/index.html<\/a>&nbsp;und <a href=\"http:\/\/www.gesetze-im-internet.de\/heilprgdv_1\/index.html\">http:\/\/www.gesetze-im-<\/a><a href=\"http:\/\/www.gesetze-im-internet.de\/heilprgdv_1\/index.html\">internet.de\/heilprgdv_1\/index.html<\/a>&nbsp;oder <a href=\"http:\/\/freieheilpraktiker.com\/Patienteninfo\/Heilpraktikergesetz\">http:\/\/freieheilpraktiker.com\/Patienteninfo\/Heilpraktikergesetz<\/a><\/p>\n\n\n\n<h6 class=\"wp-block-heading\">Berufsverbandsmitgliedschaft in:<\/h6>\n\n\n\n<h6 class=\"wp-block-heading\">Berufsordnung:<\/h6>\n\n\n\n<h3 class=\"wp-block-heading\">Verantwortlich f\u00fcr den Inhalt nach \u00a7 55 Abs. 2 RStV:<\/h3>\n\n\n\n<p>Tanja Prohl &#8211; Adresse siehe oben<\/p>\n\n\n\n<h6 class=\"wp-block-heading\">Umsatzsteuerpflicht:<\/h6>\n\n\n\n<p>Heilkundliche T\u00e4tigkeit ist von der Umsatzsteuer nach gem\u00e4\u00df \u00a74 Nr.14 UStG befreit.<\/p>\n\n\n\n<h6 class=\"wp-block-heading\">Gestaltung der Internetseiten<\/h6>\n\n\n\n<p>Dr Tobias G\u00fcnther Hoher Weg 8<br>01109 Dresden Email: to_guenther@hotmail.de<\/p>\n\n\n\n<h6 class=\"wp-block-heading\">Copyright (C) Bildmaterial:<\/h6>\n\n\n\n<p>Droplet: Michael Melgar<br>LiquidArt resize droplet CC<br>BY-SA 3.0<br>Michael Melgar english wikipedia.<\/p>\n\n\n\n<h6 class=\"wp-block-heading\">Haftungsausschluss:<\/h6>\n\n\n\n<p>Diese Internetpr\u00e4senz dient ausschlie\u00dflich der allgemeinen Information. Sie kann und will keine gesundheitliche Beratung oder Behandlung ersetzen, da diese individuell und nach ausf\u00fchrlicher Untersuchung erfolgen m\u00fcssen. Sie dient auch nicht als Grundlage zur Eigentherapie und r\u00e4t ausdr\u00fccklich davon ab.<br>Die Inhalte der Internetpr\u00e4senz wurden von uns sorgf\u00e4ltig zusammengestellt und gepr\u00fcft, dennoch k\u00f6nnen wir keine Gew\u00e4hr auf Aktualit\u00e4t und Vollst\u00e4ndigkeit geben. F\u00fcr Links zu externen Seiten, die sich in einem neuen Fenster \u00f6ffnen, ist der jeweilige Seitenbetreiber verantwortlich. Wir \u00fcbernehmen keine Haftung f\u00fcr deren Seiteninhalte.<\/p>\n","protected":false},"excerpt":{"rendered":"<p>Betreiber der Internetpr\u00e4senz und verantwortlich f\u00fcr den Inhalt Tanja Prohl &#8211; Heilpraktikerin Naturheilpraxis in Hellerau Hoher Weg 801109 Dresden Telefon: 0351-32151846 Telefax: 0351-32151847 Email: tanja.prohl@naturheilpraxis-hellerau.de Berufsbezeichnung Gesetzliche Berufsbezeichnung: Heilpraktiker (verliehen in der Bundesrepublik Deutschland) Zust\u00e4ndige Aufsichtsbeh\u00f6rde: Landeshauptstadt Dresden, Gesundheitsamt Hertzstr. 23, 01257 Dresden Berufsrechtliche Regelungen: Gesetz \u00fcber die berufsm\u00e4\u00dfige Aus\u00fcbung der Heilkunde ohne \u00e4rztliche Bestallung &hellip; <\/p>\n<p class=\"link-more\"><a href=\"http:\/\/gesundheit-und-garten.naturheilpraxis-hellerau.de\/?page_id=14\" class=\"more-link\"><span class=\"screen-reader-text\">\u201eImpressum\u201c<\/span> weiterlesen<\/a><\/p>\n","protected":false},"author":1,"featured_media":0,"parent":0,"menu_order":0,"comment_status":"closed","ping_status":"closed","template":"","meta":{"footnotes":""},"_links":{"self":[{"href":"http:\/\/gesundheit-und-garten.naturheilpraxis-hellerau.de\/index.php?rest_route=\/wp\/v2\/pages\/14"}],"collection":[{"href":"http:\/\/gesundheit-und-garten.naturheilpraxis-hellerau.de\/index.php?rest_route=\/wp\/v2\/pages"}],"about":[{"href":"http:\/\/gesundheit-und-garten.naturheilpraxis-hellerau.de\/index.php?rest_route=\/wp\/v2\/types\/page"}],"author":[{"embeddable":true,"href":"http:\/\/gesundheit-und-garten.naturheilpraxis-hellerau.de\/index.php?rest_route=\/wp\/v2\/users\/1"}],"replies":[{"embeddable":true,"href":"http:\/\/gesundheit-und-garten.naturheilpraxis-hellerau.de\/index.php?rest_route=%2Fwp%2Fv2%2Fcomments&post=14"}],"version-history":[{"count":1,"href":"http:\/\/gesundheit-und-garten.naturheilpraxis-hellerau.de\/index.php?rest_route=\/wp\/v2\/pages\/14\/revisions"}],"predecessor-version":[{"id":15,"href":"http:\/\/gesundheit-und-garten.naturheilpraxis-hellerau.de\/index.php?rest_route=\/wp\/v2\/pages\/14\/revisions\/15"}],"wp:attachment":[{"href":"http:\/\/gesundheit-und-garten.naturheilpraxis-hellerau.de\/index.php?rest_route=%2Fwp%2Fv2%2Fmedia&parent=14"}],"curies":[{"name":"wp","href":"https:\/\/api.w.org\/{rel}","templated":true}]}}